{"id":93,"date":"2026-04-15T14:49:05","date_gmt":"2026-04-15T19:49:05","guid":{"rendered":"https:\/\/bambuestetica.shop\/pruebaanita\/?post_type=product&#038;p=93"},"modified":"2026-04-15T14:49:05","modified_gmt":"2026-04-15T19:49:05","slug":"computador-asus-3-000","status":"publish","type":"product","link":"https:\/\/bambuestetica.shop\/pruebaanita\/product\/computador-asus-3-000\/","title":{"rendered":"Computador Asus 3.000"},"content":{"rendered":"","protected":false},"excerpt":{"rendered":"<p><strong class=\"Yjhzub\" data-sfc-root=\"c\" data-sfc-cb=\"\" data-complete=\"true\">ASUS Serie 3000: Velocidad y Potencia en un solo equipo.<\/strong>\u00a0Dise\u00f1ada para ofrecer un rendimiento fluido en multitarea, estudios o trabajo exigente. Disfruta de un sistema r\u00e1pido, gr\u00e1ficos n\u00edtidos y la confiabilidad que solo ASUS ofrece. \u00a1Potencia tu productividad hoy mismo!&#8221;<\/p>\n","protected":false},"featured_media":86,"comment_status":"open","ping_status":"closed","template":"","meta":[],"product_brand":[],"product_cat":[26],"product_tag":[],"class_list":{"0":"post-93","1":"product","2":"type-product","3":"status-publish","4":"has-post-thumbnail","6":"product_cat-computadores","8":"first","9":"instock","10":"shipping-taxable","11":"purchasable","12":"product-type-simple"},"jetpack_sharing_enabled":true,"_links":{"self":[{"href":"https:\/\/bambuestetica.shop\/pruebaanita\/wp-json\/wp\/v2\/product\/93","targetHints":{"allow":["GET"]}}],"collection":[{"href":"https:\/\/bambuestetica.shop\/pruebaanita\/wp-json\/wp\/v2\/product"}],"about":[{"href":"https:\/\/bambuestetica.shop\/pruebaanita\/wp-json\/wp\/v2\/types\/product"}],"replies":[{"embeddable":true,"href":"https:\/\/bambuestetica.shop\/pruebaanita\/wp-json\/wp\/v2\/comments?post=93"}],"wp:featuredmedia":[{"embeddable":true,"href":"https:\/\/bambuestetica.shop\/pruebaanita\/wp-json\/wp\/v2\/media\/86"}],"wp:attachment":[{"href":"https:\/\/bambuestetica.shop\/pruebaanita\/wp-json\/wp\/v2\/media?parent=93"}],"wp:term":[{"taxonomy":"product_brand","embeddable":true,"href":"https:\/\/bambuestetica.shop\/pruebaanita\/wp-json\/wp\/v2\/product_brand?post=93"},{"taxonomy":"product_cat","embeddable":true,"href":"https:\/\/bambuestetica.shop\/pruebaanita\/wp-json\/wp\/v2\/product_cat?post=93"},{"taxonomy":"product_tag","embeddable":true,"href":"https:\/\/bambuestetica.shop\/pruebaanita\/wp-json\/wp\/v2\/product_tag?post=93"}],"curies":[{"name":"wp","href":"https:\/\/api.w.org\/{rel}","templated":true}]}}